when (1 + 33)/(-4 - -6) is divided by (-92)/(-10) - 3/o?
8
Calculate the remainder when 3*9/(108/232) is divided by 30.
28
Suppose u + 2 = 2*a + 23, -u + 4*a + 21 = 0. What is the remainder when 62 is divided by u?
20
Let l(k) = 2*k + 6. Calculate the remainder when l(4) is divided by 4.
2
Let h(r) be the first derivative of r**3/3 - r**2/2 + 2. Suppose 4*b - 18 = 10. Calculate the remainder when h(4) is divided by b.
5
Let t be -3 - (-10)/(2/1). Suppose h + 317 = 5*z, 6*z + t*h - 248 = 2*z. What is the remainder when z is divided by 16?
15
Let j(g) = -g**3 - g**2 + 4*g - 3. Let v be (-55)/(-20) - (-3)/(-4). Suppose -33 + 3 = -v*k. Calculate the remainder when j(-4) is divided by k.
14
Let y = -57 - -121. Calculate the remainder when y is divided by 22.
20
What is the remainder when 1558/13 - (12/(-39))/2 is divided by 31?
27
Suppose 0 = p - 2*p + 18. Calculate the remainder when p is divided by 7.
4
Calculate the remainder when 110 is divided by (-14)/21 + (-172)/(-6).
26
Let y = 111 - 74. Let t = 41 + -1. Suppose 7*a = 3*a + t. What is the remainder when y is divided by a?
7
Let v = 2 - 4. Suppose -g - 6 = -u + 1, 0 = 2*u + 5*g - 35. Calculate the remainder when u is divided by -2*(v - 1/(-2)).
1
Suppose 0 = 4*g - 21 - 119. What is the remainder when g is divided by 4?
3
Let u = 61 + -4. Let g = -28 + u. What is the remainder when g is divided by 8?
5
Suppose -41 = 3*s + 7. Let q = s - -21. What is the remainder when q is divided by 1*-2*(-6)/4?
2
Let r = 12 - 0. What is the remainder when 7/(7/44) - -1 is divided by r?
9
Let o = 4 + -3. Let a(p) = 15*p**2 - 1. Suppose 3*r + 2*r - 205 = 0. What is the remainder when r is divided by a(o)?
13
Let z = 174 + -165. Calculate the remainder when 36 is divided by z.
0
Let r(a) = 2*a - 2. Let v be r(3). Let x = 6 + 8. What is the remainder when (-1 + v)*-1 - -44 is divided by x?
13
Suppose -q + 0 = -3*c + 14, 0 = q - 1. What is the remainder when 13 is divided by c?
3
Let c = -3 + 8. Let m = 7 - c. What is the remainder when 4 is divided by m?
0
Let k = 0 + 49. Calculate the remainder when k is divided by 19.
11
Let i(n) = 45*n - 4. Calculate the remainder when i(1) is divided by 21.
20
Let n = 352 + -338. Let x be (-4)/(-2)*5*-1. Let l = 18 + x. What is the remainder when n is divided by l?
6
Let o(b) = 8*b**3 - 2*b**2 - 2*b. Calculate the remainder when o(2) is divided by 11.
8
Let f be (90 - (-3 + 3)) + -1. Suppose 4*u + 5*c = f, u + u - 47 = -5*c. Let n = u + 17. What is the remainder when n is divided by 13?
12
Suppose 4*j = 7*j - 21. Let g(b) = 4*b - 15. Calculate the remainder when 50 is divided by g(j).
11
Suppose 4*l - 2*l = 116. Suppose l = -2*b + 4*b. What is the remainder when b is divided by 15?
14
Calculate the remainder when 45 is divided by (180/21)/(-5)*-7.
9
Let l(p) = -p + 22. Suppose 4*x + 3 = f, 3*x = -f + 2*x - 12. Calculate the remainder when l(f) is divided by 11.
9
Suppose -3*s = -2*n - 28, 0 = 2*s - 3*n - 21 - 6. Calculate the remainder when -3 + 5 + 8 + 0 is divided by s.
4
Calculate the remainder when 22 is divided by 1/((-1)/(-8)*1).
6
Let w = 53 - 41. What is the remainder when 10*(11/2 - 1) is divided by w?
9
Let v = -12 + 28. Calculate the remainder when 30 is divided by v.
14
Suppose 2 + 23 = r + 5*d, 4*r = 5*d. Let x(z) = z**3 + 5*z**2 - 5*z + 14. Calculate the remainder when x(-6) is divided by r.
3
Suppose 4*o = 3*o + 167. Suppose 2*n = 5*d - o, 9*d = 4*d + 5*n + 170. Let a = d - 10. What is the remainder when 67 is divided by a?
21
Suppose t = 5*v - 9 + 112, v = -2*t + 184. What is the remainder when t is divided by (1 - 5 - -33) + 3?
29
Suppose -l = -0*l - 13. Calculate the remainder when 35 is divided by l.
9
Let z(r) = -r**2 - 5*r - 4. Let n be z(-3). Suppose -20 = n*q - 3*q. What is the remainder when q is divided by 7?
6
Suppose 18 = 4*z - 3*f, 2*z + f - 13 = -3*z. Calculate the remainder when z is divided by 1.
0
What is the remainder when 40 - (6/(-2))/3 is divided by 14?
13
Let i = -16 + 25. Let b = 30 - -5. Calculate the remainder when b is divided by i.
8
Suppose 8 - 64 = -4*l. Let f = l - -17. Calculate the remainder when f is divided by 11.
9
Let s = 11 + -9. Suppose 102 = -s*c + 5*c. What is the remainder when 134 is divided by c?
32
Let p(u) = -4*u - 7. Let y be p(-5). Suppose 2*c = y - 5. Calculate the remainder when c is divided by 2.
0
Suppose 4*a + 44 = 240. Suppose 0*c - 5*j = 2*c - 14, 2*c + 3*j - 22 = 0. Calculate the remainder when a is divided by c.
15
Let m = 20 + -1. Suppose 0 = 3*y + 1 - 22. Suppose y + 3 = i. What is the remainder when m is divided by i?
9
Suppose -5*l + 2*v + 0*v = -26, 3*l + 3*v - 3 = 0. Calculate the remainder when 2*((-10)/4 + l) is divided by 2.
1
Suppose -46 = n - 3*n. Let u = 34 - n. Calculate the remainder when 20 is divided by u.
9
Let s = -15 + 21. Let t(x) be the first derivative of -x**4/4 + 2*x**3 + 7*x**2/2 + 2*x - 5. What is the remainder when s is divided by t(7)?
0
Suppose m = 3*s - 159, -13 = -5*m + 2. What is the remainder when s is divided by 19?
16
Suppose 0 = f - 0*f - 5. Let h = 177 + -117. Suppose m - f*s + s = 9, -h = -5*m + 5*s. What is the remainder when m is divided by 7?
6
Suppose -5*g + 509 = b - 107, -4*g + 2*b + 504 = 0. Let r be (9 - (1 + 2)) + -3. Suppose -k - r*k = -g. What is the remainder when k is divided by 11?
9
Let c(q) = q**2 + q + 7. Let p be 1 - (-2 + 1 - -2). Calculate the remainder when c(p) is divided by 5.
2
Let v = 46 + -32. Suppose 2*s + 0*s = v. What is the remainder when 18 is divided by s?
4
Suppose 3*t - 4 = 3*q + 23, 4*t - 3*q = 40. Let a be 1*5*-6 - -2. Let d = 53 + a. Calculate the remainder when d is divided by t.
12
Calculate the remainder when (-9 - (9 + -5))*-5 is divided by 24.
17
Suppose 0*k + k - 34 = -r, -5*r + 112 = 3*k. Calculate the remainder when 115 is divided by k.
28
Let t = -29 + 83. Calculate the remainder when t is divided by 7.
5
Suppose 24 + 11 = 5*f. What is the remainder when 13 is divided by f?
6
Let m = 42 + -11. What is the remainder when 123 is divided by m?
30
Suppose -3*u = k - 16, 1 = -5*u + 26. Let p(j) = 1 + 3*j + k - 5. Calculate the remainder when 17 is divided by p(4).
8
What is the remainder when -2 + 124 + 0 + -1 is divided by 41?
39
Let p(z) = 4*z. Let b be p(2). Let d(q) = q**3 - 9*q**2 + 8*q - 1. Let y be d(b). Let u = 13 + y. Calculate the remainder when u is divided by 7.
5
Let d = -36 + 21. Let f = 6 - d. What is the remainder when f is divided by 11?
10
Let z(w) = -w**2 - w - 4. Let y be z(0). Suppose 3*l = 38 + 10. Calculate the remainder when l is divided by ((-3)/(-4))/(y/(-32)).
4
Let h = 58 + -12. Suppose -4*r + 39 = -9. Calculate the remainder when h is divided by r.
10
Let v(t) = -t**3 - 11*t**2 - 6*t - 26. Let r = 24 - 10. What is the remainder when v(-11) is divided by r?
12
Suppose 4*i + 1 = n - 0*i, 0 = -3*n - 4*i + 19. Suppose -n*p - 11 = 4*q, 5*p - 18 - 3 = 4*q. Calculate the remainder when 3 is divided by p.
0
Suppose 5*o - 1290 = -4*s, o + 5*s - 533 = -o. What is the remainder when o is divided by 16?
14
Suppose -2 = a + v - 3, v = 4*a - 4. Suppose -3*i - o - 32 = 0, i + 1 = -3*o - 7. What is the remainder when 32 is divided by i/(-2)*(a - -1)?
10
Suppose -2*t - 2 = -4*t, 2*t - 8 = -b. Suppose 0 = 2*z - 18 + b. What is the remainder when z is divided by 4?
2
Let w(s) = 15*s**2 - s - 1. Let q = -66 + 205. Suppose 22 = -4*x - 5*k + q, -k + 141 = 5*x. What is the remainder when x is divided by w(-1)?
13
Suppose -3*w = 4*c + 333, -4*c - 213 = -2*w + 105. Let t = -46 - c. Calculate the remainder when t is divided by 12.
11
Let z = 0 + -1. What is the remainder when (-7)/(-7) - (-27)/1 is divided by 2 + 12 - 1/z?
13
Suppose -n + 8 = -3*n. Calculate the remainder when 25 is divided by n/(-16) + 110/8.
11
Suppose 0 = -y - 1 + 3. Let l(g) = 12*g**2 - 1 - 4*g + 17*g**y + 4*g - 2*g. What is the remainder when l(-1) is divided by 16?
14
Let y(l) = 5*l + 4. What is the remainder when y(3) is divided by 11?
8
Let j(f) = f**2 - 5*f + 4. Let l be j(6). Let k(c) = -2*c**3 + 11*c**2 + 2*c - 4. Calculate the remainder when k(5) is divided by (32/10)/(2/l).
15
Suppose 16 + 92 = 6*s. What is the remainder when 35 is divided by s?
17
Let d(p) = -10*p - 1. Let l be d(-5). Let r = l + -24. Suppose t = -3*z + 12 + 11, 4*z = -t 